{"id":49,"date":"2016-06-07T10:19:15","date_gmt":"2016-06-07T09:19:15","guid":{"rendered":"http:\/\/0dbproductions.fr\/?page_id=49"},"modified":"2022-03-24T15:13:53","modified_gmt":"2022-03-24T14:13:53","slug":"nos-productions-videos","status":"publish","type":"page","link":"http:\/\/0dbproductions.fr\/?page_id=49","title":{"rendered":"Nos productions vid\u00e9os"},"content":{"rendered":"<p style=\"text-align: center;\"><strong>2020 &#8211; <em>Les Editions Bragelonne nous pr\u00e9sentent\u00a0<\/em><em>Ils Sont Chez Nous<\/em><em>\u00a0le nouveau roman psychologique de Lisa Jewell, qui retrace l&rsquo;histoire d&rsquo;un terrible secret de famille&#8230;<\/em><\/strong><\/p>\n<p style=\"text-align: center;\"><strong><a href=\"https:\/\/youtu.be\/E_O88fLd-K0\">\u00ab\u00a0Ils sont Chez Nous\u00a0\u00bb de Lisa Jewell\u00a0<\/a><\/strong><\/p>\n<p style=\"text-align: center;\"><iframe loading=\"lazy\" src=\"https:\/\/www.youtube.com\/embed\/E_O88fLd-K0\" width=\"560\" height=\"315\" frameborder=\"0\" allowfullscreen=\"allowfullscreen\"><\/iframe><\/p>\n<p style=\"text-align: center;\"><strong>2020 &#8211;\u00a0<em>RTL s&rsquo;invite au salon de l&rsquo;agriculture du 22 F\u00e9vrier au 1 Mars 2020 pour nous faire d\u00e9couvrir l&rsquo;univers des fruits et l\u00e9gumes frais avec Interfel.\u00a0<\/em><\/strong><\/p>\n<p style=\"text-align: center;\"><strong><a href=\"https:\/\/youtu.be\/E_O88fLd-K0\">Eric Jean-Jean au Salon de l&rsquo;Agriculture 2020<\/a><\/strong><\/p>\n<p style=\"text-align: center;\"><iframe loading=\"lazy\" src=\"https:\/\/www.youtube.com\/embed\/vK1SYAQe1bs\" width=\"560\" height=\"315\" frameborder=\"0\" allowfullscreen=\"allowfullscreen\"><\/iframe><\/p>\n<hr \/>\n<p style=\"text-align: center;\"><strong>\u00a0<\/strong><strong>2019- <em>Investie dans l&rsquo;\u00e9pargne solidaire depuis plus de 10 ans, la MAIF vient \u00e0 la rencontre des personnes qui \u0153uvrent au quotidien et dans l\u2019anonymat pour plus d\u2019entraide dans notre soci\u00e9t\u00e9. Comment ce soutien se manifeste-t-il concr\u00e8tement\u00a0?<\/em><\/strong><\/p>\n<p style=\"text-align: center;\"><strong><a href=\"https:\/\/www.facebook.com\/RTL\/posts\/10161596225590284?__xts__[0]=68.ARDJCH6W0tG5XZvmE3DU0JTVcBHVb90MuJq0AmzEDFJdufgFjlnIXHV3GArtFRe73gPMWNc8GBJ_CjBjKVPvvXPoaSJgsqYoskdPgreeuVWg3oOd5MoGYibinsPkUdu6HR3YqDVwOAqkSUN8Xrp2k2HqWzfF_HwvGyYET-WIPLg2xQJHDbjEyuuTvwD_djd0Phz7wi91xL759QGQnOsuibZLZsEdlS5UH7p-F888vb57tUPmw91c8Cq1TJaLz00kFB__7XTTJXAJ0s7Cr_Lwml5xOS6hcoyVPWj93B3ypLl3kaP2OnOzookf-eiYwP6abLvXslR9RmIsF_GeXAcaiHXb7m2hM0t5AIl3r4Fb3_cgn4GHkioM5lT3SYE9vATER-lW5JK1MiSSlih2yUmti5REkeMkyyMf6JP6_lsLrwkSAjXUADQL6LMFb6uV8v1rdipLCn0hFsBvWmOEEMiSw7DWiw--UvWW-NmqIthgTBx1nCIvM6JIJP45Vjgk-VRtCVaq-7V4oCLFVy_kOuvGjtZwNEp2o58Q_ixrgsr73eDBgwXeAXcW34UExXH9t-txjEOteHqfvg9nnoGNhhrBg4jCNg&amp;__tn__=C-R\" target=\"_blank\" rel=\"noopener\">La MAIF &amp; l&rsquo;\u00e9pargne solidaire<\/a><\/strong><\/p>\n<p style=\"text-align: center;\"><iframe loading=\"lazy\" style=\"border: none; overflow: hidden;\" src=\"https:\/\/www.facebook.com\/plugins\/video.php?height=314&amp;href=https%3A%2F%2Fwww.facebook.com%2FRTL%2Fvideos%2F312512679378941%2F&amp;show_text=false&amp;width=560\" width=\"560\" height=\"314\" frameborder=\"0\" scrolling=\"no\" allowfullscreen=\"allowfullscreen\"><\/iframe><\/p>\n<hr \/>\n<p style=\"text-align: center;\"><strong>2018 &#8211; <em>En attendant No\u00ebl, Grand Frais a mis en place une op\u00e9ration sp\u00e9ciale Calendrier de l\u2019Avent pour offrir tous les jours des bons d\u2019achats Grand Frais\u00a0<\/em><\/strong><em><strong>aux auditeurs d\u2019RTL.<\/strong><\/em><\/p>\n<p style=\"text-align: center;\"><strong><a href=\"https:\/\/bit.ly\/2GcSkqS\" target=\"_blank\" rel=\"noopener\">Calendrier de l&rsquo;Avent Grand Frais<\/a><\/strong><\/p>\n<p style=\"text-align: center;\"><iframe loading=\"lazy\" style=\"border: none; overflow: hidden;\" src=\"https:\/\/www.facebook.com\/plugins\/video.php?height=314&amp;href=https%3A%2F%2Fwww.facebook.com%2FZerodecibelProductions%2Fvideos%2F958639361190540%2F&amp;show_text=false&amp;width=560\" width=\"560\" height=\"314\" frameborder=\"0\" scrolling=\"no\" allowfullscreen=\"allowfullscreen\"><\/iframe><\/p>\n<p style=\"text-align: center;\"><strong>2018 &#8211; <em>RTL et France Agrimer (Plan Ecophyto) partent \u00e0 la rencontre d&rsquo;un agriculteur !<\/em><\/strong><\/p>\n<p style=\"text-align: center;\"><strong><a href=\"https:\/\/youtu.be\/lYdE1EqzMTk\">RTL et France Agrimer<br \/>\n<\/a><\/strong><\/p>\n<p style=\"text-align: center;\"><iframe loading=\"lazy\" src=\"https:\/\/www.youtube.com\/embed\/lYdE1EqzMTk\" width=\"560\" height=\"315\" frameborder=\"0\" allowfullscreen=\"allowfullscreen\"><\/iframe><\/p>\n<p style=\"text-align: center;\"><strong>2018 &#8211; <em>RTL et Interfel vont \u00e0 la rencontre des enfants au Salon de l&rsquo;Agriculture 2018. Comment leur faire aimer les fruits et l\u00e9gumes frais ?<\/em><\/strong><\/p>\n<p style=\"text-align: center;\"><a href=\"https:\/\/youtu.be\/gsIhf9s-9E8\"><strong>Facebook Live de RTL et Interfel au Salon de l&rsquo;Agriculture<\/strong><\/a><\/p>\n<p style=\"text-align: center;\"><iframe loading=\"lazy\" src=\"https:\/\/www.youtube.com\/embed\/gsIhf9s-9E8\" width=\"560\" height=\"315\" frameborder=\"0\" allowfullscreen=\"allowfullscreen\"><\/iframe><\/p>\n<hr \/>\n<p style=\"text-align: center;\"><strong>2017 &#8211;\u00a0<em>Flavie Flament d\u00e9couvre\u00a0comment am\u00e9liorer la qualit\u00e9 de notre sommeil avec Flavie Flament et l&rsquo;experte Fitbit<\/em><\/strong><\/p>\n<p style=\"text-align: center;\"><a href=\"https:\/\/youtu.be\/0V2Q3snp8ZM\">Flavie Flament teste le bracelet connect\u00e9 Fitbit<\/a><\/p>\n<p style=\"text-align: center;\"><iframe loading=\"lazy\" src=\"https:\/\/www.youtube.com\/embed\/0V2Q3snp8ZM\" width=\"560\" height=\"315\" frameborder=\"0\" allowfullscreen=\"allowfullscreen\"><\/iframe><\/p>\n<hr \/>\n<p style=\"text-align: center;\"><strong>2016 &#8211;<em>\u00a0A l&rsquo;occasion du Salon de Gen\u00e8ve 2016,\u00a0Vincent Perrot, Caroline Diament, Flavie Flament et Eric Jean-Jean\u00a0testent la nouvelle Volkswagen Up!\u00a0<\/em><\/strong><\/p>\n<p style=\"text-align: center;\"><a href=\"https:\/\/youtu.be\/6oUUYVO3mIQ\">RTL testent la nouvelle citadine Volkswagen<\/a><\/p>\n<p style=\"text-align: center;\"><iframe loading=\"lazy\" src=\"https:\/\/www.youtube.com\/embed\/6oUUYVO3mIQ\" width=\"560\" height=\"315\" frameborder=\"0\" allowfullscreen=\"allowfullscreen\"><\/iframe><\/p>\n<hr \/>\n<p style=\"text-align: center;\"><strong>2015 &#8211; <em>Pour le compte du Comit\u00e9 du Tourisme de la Guyane, Sophie Jovillard, globe-trotteuse insatiable et animatrice\u00a0d\u2019Echapp\u00e9es Belles\u00a0sur France 5 nous dresse une carte postale de ce D\u00e9partement si particulier !<\/em><\/strong><\/p>\n<p style=\"text-align: center;\"><a href=\"https:\/\/youtu.be\/ZcNzFu-mOZ8\">Sophie Jovillard et le Comit\u00e9 du Tourisme Guyanais<\/a><\/p>\n<p style=\"text-align: center;\"><iframe loading=\"lazy\" src=\"https:\/\/www.youtube.com\/embed\/ZcNzFu-mOZ8\" width=\"560\" height=\"315\" frameborder=\"0\" allowfullscreen=\"allowfullscreen\"><\/iframe><a href=\"https:\/\/www.youtube.com\/watch?v=ZcNzFu-mOZ8\" target=\"_blank\" rel=\"noopener\"><br \/>\n<\/a><\/p>\n<hr \/>\n<p style=\"text-align: center;\"><strong>2014 &#8211; \u00ab\u00a0<em>Happy\u00a0\u00bb, le clip de Pharell Williams a inspir\u00e9 des internautes du monde entier sur le site interactif :\u00a0<a class=\"\" href=\"http:\/\/wearehappyfrom.com\/\">wearehappyfrom.com<\/a>. A l\u2019occasion de la Journ\u00e9e Mondiale du Bonheur, <\/em>Z\u00e9rod\u00e9cibel<em> a r\u00e9uni les voix de la pub et du doublage pour un\u00a0Happy from 0DB\u00a0!<\/em><\/strong><a href=\"https:\/\/www.youtube.com\/watch?v=_hv3BTIFZ6c\" target=\"_blank\" rel=\"noopener\"><br \/>\n<\/a><\/p>\n<p style=\"text-align: center;\"><strong><a href=\"https:\/\/youtu.be\/_hv3BTIFZ6c\">Happy from Z\u00e9roD\u00e9cibel<\/a><\/strong><\/p>\n<p style=\"text-align: center;\"><iframe loading=\"lazy\" src=\"https:\/\/www.youtube.com\/embed\/_hv3BTIFZ6c\" width=\"560\" height=\"315\" frameborder=\"0\" allowfullscreen=\"allowfullscreen\"><\/iframe><\/p>\n<hr \/>\n<p style=\"text-align: center;\"><strong>2013 &#8211; <em>RTL Petit Matin se rend en direct sur le March\u00e9 International de Rungis \u00e0 l&rsquo;occasion des Journ\u00e9es Pro Citro\u00ebn 2013.<\/em><\/strong><\/p>\n<div class=\"page\" title=\"Page 3\">\n<div class=\"section\">\n<div class=\"layoutArea\">\n<div class=\"column\">\n<p style=\"text-align: center;\"><strong><a href=\"https:\/\/youtu.be\/jy1yn5crKXE\">RTL Petit Matin pour les Journ\u00e9es Pro Citro\u00ebn<\/a><\/strong><\/p>\n<p style=\"text-align: center;\"><iframe loading=\"lazy\" src=\"https:\/\/www.youtube.com\/embed\/jy1yn5crKXE\" width=\"560\" height=\"315\" frameborder=\"0\" allowfullscreen=\"allowfullscreen\"><\/iframe><\/p>\n<\/div>\n<\/div>\n<\/div>\n<\/div>\n<p><a href=\"http:\/\/0dbproductions.fr\/index.php\/2016\/06\/07\/coups-de-coeur\/\" target=\"_blank\" rel=\"noopener\">\u00a0<\/a><\/p>\n","protected":false},"excerpt":{"rendered":"<p>2020 &#8211; Les Editions Bragelonne nous pr\u00e9sentent\u00a0Ils Sont Chez Nous\u00a0le nouveau roman psychologique de Lisa Jewell, qui retrace l&rsquo;histoire d&rsquo;un terrible secret de famille&#8230; \u00ab\u00a0Ils sont Chez Nous\u00a0\u00bb de Lisa Jewell\u00a0 2020 &#8211;\u00a0RTL s&rsquo;invite au salon de l&rsquo;agriculture du 22 F\u00e9vrier au 1 Mars 2020 pour nous faire d\u00e9couvrir l&rsquo;univers des fruits et l\u00e9gumes frais &hellip; <\/p>\n<p class=\"link-more\"><a href=\"http:\/\/0dbproductions.fr\/?page_id=49\" class=\"more-link\">Lire la suite de<span class=\"screen-reader-text\">\u00ab\u00a0Nos productions vid\u00e9os\u00a0\u00bb<\/span><\/a><\/p>\n","protected":false},"author":1,"featured_media":0,"parent":0,"menu_order":3,"comment_status":"closed","ping_status":"closed","template":"","meta":{"inspiro_hide_title":false,"footnotes":""},"class_list":["post-49","page","type-page","status-publish","hentry"],"_links":{"self":[{"href":"http:\/\/0dbproductions.fr\/index.php?rest_route=\/wp\/v2\/pages\/49","targetHints":{"allow":["GET"]}}],"collection":[{"href":"http:\/\/0dbproductions.fr\/index.php?rest_route=\/wp\/v2\/pages"}],"about":[{"href":"http:\/\/0dbproductions.fr\/index.php?rest_route=\/wp\/v2\/types\/page"}],"author":[{"embeddable":true,"href":"http:\/\/0dbproductions.fr\/index.php?rest_route=\/wp\/v2\/users\/1"}],"replies":[{"embeddable":true,"href":"http:\/\/0dbproductions.fr\/index.php?rest_route=%2Fwp%2Fv2%2Fcomments&post=49"}],"version-history":[{"count":45,"href":"http:\/\/0dbproductions.fr\/index.php?rest_route=\/wp\/v2\/pages\/49\/revisions"}],"predecessor-version":[{"id":437,"href":"http:\/\/0dbproductions.fr\/index.php?rest_route=\/wp\/v2\/pages\/49\/revisions\/437"}],"wp:attachment":[{"href":"http:\/\/0dbproductions.fr\/index.php?rest_route=%2Fwp%2Fv2%2Fmedia&parent=49"}],"curies":[{"name":"wp","href":"https:\/\/api.w.org\/{rel}","templated":true}]}}

Nos productions vidéos

<p style="text-align: center;"><strong>2020 &#8211; <em>Les Editions Bragelonne nous présentent </em><em>Ils Sont Chez Nous</em><em> le nouveau roman psychologique de Lisa Jewell, qui retrace l&rsquo;histoire d&rsquo;un terrible secret de famille&#8230;</em></strong></p>
<p style="text-align: center;"><strong><a href="https://youtu.be/E_O88fLd-K0">« Ils sont Chez Nous » de Lisa Jewell </a></strong></p>
<p style="text-align: center;"><iframe loading="lazy" src="https://www.youtube.com/embed/E_O88fLd-K0" width="560" height="315" frameborder="0" allowfullscreen="allowfullscreen"></iframe></p>
<p style="text-align: center;"><strong>2020 &#8211; <em>RTL s&rsquo;invite au salon de l&rsquo;agriculture du 22 Février au 1 Mars 2020 pour nous faire découvrir l&rsquo;univers des fruits et légumes frais avec Interfel. </em></strong></p>
<p style="text-align: center;"><strong><a href="https://youtu.be/E_O88fLd-K0">Eric Jean-Jean au Salon de l&rsquo;Agriculture 2020</a></strong></p>
<p style="text-align: center;"><iframe loading="lazy" src="https://www.youtube.com/embed/vK1SYAQe1bs" width="560" height="315" frameborder="0" allowfullscreen="allowfullscreen"></iframe></p>
<hr />
<p style="text-align: center;"><strong> </strong><strong>2019- <em>Investie dans l&rsquo;épargne solidaire depuis plus de 10 ans, la MAIF vient à la rencontre des personnes qui œuvrent au quotidien et dans l’anonymat pour plus d’entraide dans notre société. Comment ce soutien se manifeste-t-il concrètement ?</em></strong></p>
<p style="text-align: center;"><strong><a href="https://www.facebook.com/RTL/posts/10161596225590284?__xts__[0]=68.ARDJCH6W0tG5XZvmE3DU0JTVcBHVb90MuJq0AmzEDFJdufgFjlnIXHV3GArtFRe73gPMWNc8GBJ_CjBjKVPvvXPoaSJgsqYoskdPgreeuVWg3oOd5MoGYibinsPkUdu6HR3YqDVwOAqkSUN8Xrp2k2HqWzfF_HwvGyYET-WIPLg2xQJHDbjEyuuTvwD_djd0Phz7wi91xL759QGQnOsuibZLZsEdlS5UH7p-F888vb57tUPmw91c8Cq1TJaLz00kFB__7XTTJXAJ0s7Cr_Lwml5xOS6hcoyVPWj93B3ypLl3kaP2OnOzookf-eiYwP6abLvXslR9RmIsF_GeXAcaiHXb7m2hM0t5AIl3r4Fb3_cgn4GHkioM5lT3SYE9vATER-lW5JK1MiSSlih2yUmti5REkeMkyyMf6JP6_lsLrwkSAjXUADQL6LMFb6uV8v1rdipLCn0hFsBvWmOEEMiSw7DWiw--UvWW-NmqIthgTBx1nCIvM6JIJP45Vjgk-VRtCVaq-7V4oCLFVy_kOuvGjtZwNEp2o58Q_ixrgsr73eDBgwXeAXcW34UExXH9t-txjEOteHqfvg9nnoGNhhrBg4jCNg&amp;__tn__=C-R" target="_blank" rel="noopener">La MAIF &amp; l&rsquo;épargne solidaire</a></strong></p>
<p style="text-align: center;"><iframe loading="lazy" style="border: none; overflow: hidden;" src="https://www.facebook.com/plugins/video.php?height=314&amp;href=https%3A%2F%2Fwww.facebook.com%2FRTL%2Fvideos%2F312512679378941%2F&amp;show_text=false&amp;width=560" width="560" height="314" frameborder="0" scrolling="no" allowfullscreen="allowfullscreen"></iframe></p>
<hr />
<p style="text-align: center;"><strong>2018 &#8211; <em>En attendant Noël, Grand Frais a mis en place une opération spéciale Calendrier de l’Avent pour offrir tous les jours des bons d’achats Grand Frais </em></strong><em><strong>aux auditeurs d’RTL.</strong></em></p>
<p style="text-align: center;"><strong><a href="https://bit.ly/2GcSkqS" target="_blank" rel="noopener">Calendrier de l&rsquo;Avent Grand Frais</a></strong></p>
<p style="text-align: center;"><iframe loading="lazy" style="border: none; overflow: hidden;" src="https://www.facebook.com/plugins/video.php?height=314&amp;href=https%3A%2F%2Fwww.facebook.com%2FZerodecibelProductions%2Fvideos%2F958639361190540%2F&amp;show_text=false&amp;width=560" width="560" height="314" frameborder="0" scrolling="no" allowfullscreen="allowfullscreen"></iframe></p>
<p style="text-align: center;"><strong>2018 &#8211; <em>RTL et France Agrimer (Plan Ecophyto) partent à la rencontre d&rsquo;un agriculteur !</em></strong></p>
<p style="text-align: center;"><strong><a href="https://youtu.be/lYdE1EqzMTk">RTL et France Agrimer<br />
</a></strong></p>
<p style="text-align: center;"><iframe loading="lazy" src="https://www.youtube.com/embed/lYdE1EqzMTk" width="560" height="315" frameborder="0" allowfullscreen="allowfullscreen"></iframe></p>
<p style="text-align: center;"><strong>2018 &#8211; <em>RTL et Interfel vont à la rencontre des enfants au Salon de l&rsquo;Agriculture 2018. Comment leur faire aimer les fruits et légumes frais ?</em></strong></p>
<p style="text-align: center;"><a href="https://youtu.be/gsIhf9s-9E8"><strong>Facebook Live de RTL et Interfel au Salon de l&rsquo;Agriculture</strong></a></p>
<p style="text-align: center;"><iframe loading="lazy" src="https://www.youtube.com/embed/gsIhf9s-9E8" width="560" height="315" frameborder="0" allowfullscreen="allowfullscreen"></iframe></p>
<hr />
<p style="text-align: center;"><strong>2017 &#8211; <em>Flavie Flament découvre comment améliorer la qualité de notre sommeil avec Flavie Flament et l&rsquo;experte Fitbit</em></strong></p>
<p style="text-align: center;"><a href="https://youtu.be/0V2Q3snp8ZM">Flavie Flament teste le bracelet connecté Fitbit</a></p>
<p style="text-align: center;"><iframe loading="lazy" src="https://www.youtube.com/embed/0V2Q3snp8ZM" width="560" height="315" frameborder="0" allowfullscreen="allowfullscreen"></iframe></p>
<hr />
<p style="text-align: center;"><strong>2016 &#8211;<em> A l&rsquo;occasion du Salon de Genève 2016, Vincent Perrot, Caroline Diament, Flavie Flament et Eric Jean-Jean testent la nouvelle Volkswagen Up! </em></strong></p>
<p style="text-align: center;"><a href="https://youtu.be/6oUUYVO3mIQ">RTL testent la nouvelle citadine Volkswagen</a></p>
<p style="text-align: center;"><iframe loading="lazy" src="https://www.youtube.com/embed/6oUUYVO3mIQ" width="560" height="315" frameborder="0" allowfullscreen="allowfullscreen"></iframe></p>
<hr />
<p style="text-align: center;"><strong>2015 &#8211; <em>Pour le compte du Comité du Tourisme de la Guyane, Sophie Jovillard, globe-trotteuse insatiable et animatrice d’Echappées Belles sur France 5 nous dresse une carte postale de ce Département si particulier !</em></strong></p>
<p style="text-align: center;"><a href="https://youtu.be/ZcNzFu-mOZ8">Sophie Jovillard et le Comité du Tourisme Guyanais</a></p>
<p style="text-align: center;"><iframe loading="lazy" src="https://www.youtube.com/embed/ZcNzFu-mOZ8" width="560" height="315" frameborder="0" allowfullscreen="allowfullscreen"></iframe><a href="https://www.youtube.com/watch?v=ZcNzFu-mOZ8" target="_blank" rel="noopener"><br />
</a></p>
<hr />
<p style="text-align: center;"><strong>2014 &#8211; « <em>Happy », le clip de Pharell Williams a inspiré des internautes du monde entier sur le site interactif : <a class="" href="http://wearehappyfrom.com/">wearehappyfrom.com</a>. A l’occasion de la Journée Mondiale du Bonheur, </em>Zérodécibel<em> a réuni les voix de la pub et du doublage pour un Happy from 0DB !</em></strong><a href="https://www.youtube.com/watch?v=_hv3BTIFZ6c" target="_blank" rel="noopener"><br />
</a></p>
<p style="text-align: center;"><strong><a href="https://youtu.be/_hv3BTIFZ6c">Happy from ZéroDécibel</a></strong></p>
<p style="text-align: center;"><iframe loading="lazy" src="https://www.youtube.com/embed/_hv3BTIFZ6c" width="560" height="315" frameborder="0" allowfullscreen="allowfullscreen"></iframe></p>
<hr />
<p style="text-align: center;"><strong>2013 &#8211; <em>RTL Petit Matin se rend en direct sur le Marché International de Rungis à l&rsquo;occasion des Journées Pro Citroën 2013.</em></strong></p>
<div class="page" title="Page 3">
<div class="section">
<div class="layoutArea">
<div class="column">
<p style="text-align: center;"><strong><a href="https://youtu.be/jy1yn5crKXE">RTL Petit Matin pour les Journées Pro Citroën</a></strong></p>
<p style="text-align: center;"><iframe loading="lazy" src="https://www.youtube.com/embed/jy1yn5crKXE" width="560" height="315" frameborder="0" allowfullscreen="allowfullscreen"></iframe></p>
</div>
</div>
</div>
</div>
<p><a href="http://0dbproductions.fr/index.php/2016/06/07/coups-de-coeur/" target="_blank" rel="noopener"> </a></p>

<p>2020 &#8211; Les Editions Bragelonne nous présentent Ils Sont Chez Nous le nouveau roman psychologique de Lisa Jewell, qui retrace l&rsquo;histoire d&rsquo;un terrible secret de famille&#8230; « Ils sont Chez Nous » de Lisa Jewell  2020 &#8211; RTL s&rsquo;invite au salon de l&rsquo;agriculture du 22 Février au 1 Mars 2020 pour nous faire découvrir l&rsquo;univers des fruits et légumes frais &hellip; </p>
<p class="link-more"><a href="http://0dbproductions.fr/?page_id=49" class="more-link">Lire la suite de<span class="screen-reader-text">« Nos productions vidéos »</span></a></p>
